{"id":12,"date":"2024-01-16T01:57:02","date_gmt":"2024-01-16T01:57:02","guid":{"rendered":"https:\/\/heuristic-cori.190-15-141-170.plesk.page\/?page_id=12"},"modified":"2024-01-19T01:21:59","modified_gmt":"2024-01-19T01:21:59","slug":"inicio","status":"publish","type":"page","link":"https:\/\/awards2020.cedia.edu.ec\/","title":{"rendered":"INICIO"},"content":{"rendered":"\t\t<div data-elementor-type=\"wp-page\" data-elementor-id=\"12\" class=\"elementor elementor-12\" data-elementor-settings=\"{&quot;ha_cmc_init_switcher&quot;:&quot;no&quot;}\">\n\t\t\t\t<div class=\"elementor-element elementor-element-1326b16 e-flex e-con-boxed e-con e-parent\" data-id=\"1326b16\" data-element_type=\"container\" data-e-type=\"container\" data-settings=\"{&quot;background_background&quot;:&quot;classic&quot;,&quot;_ha_eqh_enable&quot;:false}\">\n\t\t\t\t\t<div class=\"e-con-inner\">\n\t\t\t\t<div class=\"elementor-element elementor-element-b05bf17 elementor-widget elementor-widget-image\" data-id=\"b05bf17\" data-element_type=\"widget\" data-e-type=\"widget\" data-widget_type=\"image.default\">\n\t\t\t\t<div class=\"elementor-widget-container\">\n\t\t\t\t\t\t\t\t\t\t\t\t\t\t\t<img decoding=\"async\" src=\"https:\/\/awards2020.cedia.edu.ec\/wp-content\/uploads\/elementor\/thumbs\/Awards2020front-qidgrto9zvnsce472pt35b88t5oqwc1a0kuhrs1c5e.png\" title=\"Awards2020front\" alt=\"Awards2020front\" loading=\"lazy\" \/>\t\t\t\t\t\t\t\t\t\t\t\t\t\t\t<\/div>\n\t\t\t\t<\/div>\n\t\t\t\t\t<\/div>\n\t\t\t\t<\/div>\n\t\t<div class=\"elementor-element elementor-element-d1a76f3 e-flex e-con-boxed e-con e-parent\" data-id=\"d1a76f3\" data-element_type=\"container\" data-e-type=\"container\" data-settings=\"{&quot;background_background&quot;:&quot;classic&quot;,&quot;_ha_eqh_enable&quot;:false}\">\n\t\t\t\t\t<div class=\"e-con-inner\">\n\t\t\t\t<div class=\"elementor-element elementor-element-76d79cb elementor-widget-mobile__width-initial elementor-widget elementor-widget-text-editor\" data-id=\"76d79cb\" data-element_type=\"widget\" data-e-type=\"widget\" data-widget_type=\"text-editor.default\">\n\t\t\t\t<div class=\"elementor-widget-container\">\n\t\t\t\t\t\t\t\t\tPRESENTACI\u00d3N\t\t\t\t\t\t\t\t<\/div>\n\t\t\t\t<\/div>\n\t\t\t\t<div class=\"elementor-element elementor-element-180e111 elementor-widget__width-initial elementor-widget elementor-widget-text-editor\" data-id=\"180e111\" data-element_type=\"widget\" data-e-type=\"widget\" data-widget_type=\"text-editor.default\">\n\t\t\t\t<div class=\"elementor-widget-container\">\n\t\t\t\t\t\t\t\t\t<div style=\"color: #2d3c4d; font-family: Montserrat, sans-serif; text-align: justify;\">La Corporaci\u00f3n Ecuatoriana para el Desarrollo de la Investigaci\u00f3n y la Academia \u2013\u00a0<span style=\"font-weight: bolder;\">CEDIA<\/span>, como cada a\u00f1o, celebra el compromiso de las Instituciones de Educaci\u00f3n Superior con la Ciencia, Tecnolog\u00eda, Desarrollo e Innovaci\u00f3n a nivel nacional tiene el honor de invitarlo a formar parte de la Gala de los\u00a0<span style=\"font-weight: bolder;\">CEDIA AWARDS<\/span>.<\/div><div style=\"color: #2d3c4d; font-family: Montserrat, sans-serif; text-align: justify;\"><br \/>Los\u00a0<span style=\"font-weight: bolder;\">CEDIA AWARDS<\/span>\u00a0se han convertido en el Galard\u00f3n m\u00e1s importante de la Academia, Ciencia, Tecnolog\u00eda e Innovaci\u00f3n, evento en el cual se reconoce la gesti\u00f3n, el esfuerzo y la dedicaci\u00f3n de Universidades, Institutos, Colegios, Docentes, Investigadores y T\u00e9cnicos a nivel nacional por generar y promover una cultura de desarrollo Cient\u00edfico, Acad\u00e9mico y Tecnol\u00f3gico en el Ecuador.<\/div><div style=\"color: #2d3c4d; font-family: Montserrat, sans-serif; text-align: justify;\"><br \/>En esta edici\u00f3n, los\u00a0<span style=\"font-weight: bolder;\">CEDIA AWARDS<\/span>\u00a0se adapta al actual entorno y se presentar\u00e1 a la sociedad acad\u00e9mica ecuatoriana y p\u00fablico en general en modalidad presencial y virtual. Es de esta manera que presentamos las diferentes categor\u00edas a premiar en la noche m\u00e1s importante para la academia y ciencia nacional.<br \/><br \/><span style=\"font-weight: bolder;\">Fecha:<\/span>\u00a026 de noviembre de 2020<br \/><span style=\"font-weight: bolder;\">Hora:<\/span>\u00a020H00<\/div>\t\t\t\t\t\t\t\t<\/div>\n\t\t\t\t<\/div>\n\t\t\t\t\t<\/div>\n\t\t\t\t<\/div>\n\t\t<div class=\"elementor-element elementor-element-0483d16 e-con-full e-flex e-con e-parent\" data-id=\"0483d16\" data-element_type=\"container\" data-e-type=\"container\" data-settings=\"{&quot;_ha_eqh_enable&quot;:false}\">\n\t\t\t\t<div class=\"elementor-element elementor-element-651e638 elementor-invisible elementor-widget elementor-widget-image-gallery\" data-id=\"651e638\" data-element_type=\"widget\" data-e-type=\"widget\" data-settings=\"{&quot;_animation&quot;:&quot;zoomInDown&quot;}\" data-widget_type=\"image-gallery.default\">\n\t\t\t\t<div class=\"elementor-widget-container\">\n\t\t\t\t\t\t\t<div class=\"elementor-image-gallery\">\n\t\t\t<div id='gallery-1' class='gallery galleryid-12 gallery-columns-6 gallery-size-full'><figure class='gallery-item'>\n\t\t\t<div class='gallery-icon portrait'>\n\t\t\t\t<img fetchpriority=\"high\" decoding=\"async\" width=\"688\" height=\"1031\" src=\"https:\/\/awards2020.cedia.edu.ec\/wp-content\/uploads\/2024\/01\/1.png\" class=\"attachment-full size-full\" alt=\"\" srcset=\"https:\/\/awards2020.cedia.edu.ec\/wp-content\/uploads\/2024\/01\/1.png 688w, https:\/\/awards2020.cedia.edu.ec\/wp-content\/uploads\/2024\/01\/1-200x300.png 200w, https:\/\/awards2020.cedia.edu.ec\/wp-content\/uploads\/2024\/01\/1-683x1024.png 683w\" sizes=\"(max-width: 688px) 100vw, 688px\" \/>\n\t\t\t<\/div><\/figure><figure class='gallery-item'>\n\t\t\t<div class='gallery-icon portrait'>\n\t\t\t\t<img decoding=\"async\" width=\"720\" height=\"1075\" src=\"https:\/\/awards2020.cedia.edu.ec\/wp-content\/uploads\/2024\/01\/2.png\" class=\"attachment-full size-full\" alt=\"\" srcset=\"https:\/\/awards2020.cedia.edu.ec\/wp-content\/uploads\/2024\/01\/2.png 720w, https:\/\/awards2020.cedia.edu.ec\/wp-content\/uploads\/2024\/01\/2-201x300.png 201w, https:\/\/awards2020.cedia.edu.ec\/wp-content\/uploads\/2024\/01\/2-686x1024.png 686w\" sizes=\"(max-width: 720px) 100vw, 720px\" \/>\n\t\t\t<\/div><\/figure><figure class='gallery-item'>\n\t\t\t<div class='gallery-icon portrait'>\n\t\t\t\t<img decoding=\"async\" width=\"631\" height=\"947\" src=\"https:\/\/awards2020.cedia.edu.ec\/wp-content\/uploads\/2024\/01\/3.png\" class=\"attachment-full size-full\" alt=\"\" srcset=\"https:\/\/awards2020.cedia.edu.ec\/wp-content\/uploads\/2024\/01\/3.png 631w, https:\/\/awards2020.cedia.edu.ec\/wp-content\/uploads\/2024\/01\/3-200x300.png 200w\" sizes=\"(max-width: 631px) 100vw, 631px\" \/>\n\t\t\t<\/div><\/figure><figure class='gallery-item'>\n\t\t\t<div class='gallery-icon portrait'>\n\t\t\t\t<img loading=\"lazy\" decoding=\"async\" width=\"1030\" height=\"1544\" src=\"https:\/\/awards2020.cedia.edu.ec\/wp-content\/uploads\/2024\/01\/4.png\" class=\"attachment-full size-full\" alt=\"\" srcset=\"https:\/\/awards2020.cedia.edu.ec\/wp-content\/uploads\/2024\/01\/4.png 1030w, https:\/\/awards2020.cedia.edu.ec\/wp-content\/uploads\/2024\/01\/4-200x300.png 200w, https:\/\/awards2020.cedia.edu.ec\/wp-content\/uploads\/2024\/01\/4-683x1024.png 683w, https:\/\/awards2020.cedia.edu.ec\/wp-content\/uploads\/2024\/01\/4-768x1151.png 768w, https:\/\/awards2020.cedia.edu.ec\/wp-content\/uploads\/2024\/01\/4-1025x1536.png 1025w\" sizes=\"(max-width: 1030px) 100vw, 1030px\" \/>\n\t\t\t<\/div><\/figure><figure class='gallery-item'>\n\t\t\t<div class='gallery-icon portrait'>\n\t\t\t\t<img loading=\"lazy\" decoding=\"async\" width=\"682\" height=\"1024\" src=\"https:\/\/awards2020.cedia.edu.ec\/wp-content\/uploads\/2024\/01\/5.png\" class=\"attachment-full size-full\" alt=\"\" srcset=\"https:\/\/awards2020.cedia.edu.ec\/wp-content\/uploads\/2024\/01\/5.png 682w, https:\/\/awards2020.cedia.edu.ec\/wp-content\/uploads\/2024\/01\/5-200x300.png 200w\" sizes=\"(max-width: 682px) 100vw, 682px\" \/>\n\t\t\t<\/div><\/figure><figure class='gallery-item'>\n\t\t\t<div class='gallery-icon portrait'>\n\t\t\t\t<img loading=\"lazy\" decoding=\"async\" width=\"1085\" height=\"1628\" src=\"https:\/\/awards2020.cedia.edu.ec\/wp-content\/uploads\/2024\/01\/6.png\" class=\"attachment-full size-full\" alt=\"\" srcset=\"https:\/\/awards2020.cedia.edu.ec\/wp-content\/uploads\/2024\/01\/6.png 1085w, https:\/\/awards2020.cedia.edu.ec\/wp-content\/uploads\/2024\/01\/6-200x300.png 200w, https:\/\/awards2020.cedia.edu.ec\/wp-content\/uploads\/2024\/01\/6-682x1024.png 682w, https:\/\/awards2020.cedia.edu.ec\/wp-content\/uploads\/2024\/01\/6-768x1152.png 768w, https:\/\/awards2020.cedia.edu.ec\/wp-content\/uploads\/2024\/01\/6-1024x1536.png 1024w\" sizes=\"(max-width: 1085px) 100vw, 1085px\" \/>\n\t\t\t<\/div><\/figure>\n\t\t<\/div>\n\t\t<\/div>\n\t\t\t\t\t\t<\/div>\n\t\t\t\t<\/div>\n\t\t\t\t<\/div>\n\t\t<div class=\"elementor-element elementor-element-9618d97 e-flex e-con-boxed e-con e-parent\" data-id=\"9618d97\" data-element_type=\"container\" data-e-type=\"container\" data-settings=\"{&quot;background_background&quot;:&quot;classic&quot;,&quot;_ha_eqh_enable&quot;:false}\">\n\t\t\t\t\t<div class=\"e-con-inner\">\n\t\t\t\t<div class=\"elementor-element elementor-element-158b697 elementor-widget elementor-widget-text-editor\" data-id=\"158b697\" data-element_type=\"widget\" data-e-type=\"widget\" data-widget_type=\"text-editor.default\">\n\t\t\t\t<div class=\"elementor-widget-container\">\n\t\t\t\t\t\t\t\t\tS\u00edguenos en redes sociales\t\t\t\t\t\t\t\t<\/div>\n\t\t\t\t<\/div>\n\t\t\t\t<div class=\"elementor-element elementor-element-730379b elementor-widget elementor-widget-text-editor\" data-id=\"730379b\" data-element_type=\"widget\" data-e-type=\"widget\" data-widget_type=\"text-editor.default\">\n\t\t\t\t<div class=\"elementor-widget-container\">\n\t\t\t\t\t\t\t\t\t<span style=\"color: #2d3c4d; font-family: Montserrat, sans-serif;\">Conoce los detalles de la organizaci\u00f3n de este evento, nominados y ganadores de las categor\u00edas.<\/span>\t\t\t\t\t\t\t\t<\/div>\n\t\t\t\t<\/div>\n\t\t<div class=\"elementor-element elementor-element-3824803 e-flex e-con-boxed e-con e-child\" data-id=\"3824803\" data-element_type=\"container\" data-e-type=\"container\" data-settings=\"{&quot;_ha_eqh_enable&quot;:false}\">\n\t\t\t\t\t<div class=\"e-con-inner\">\n\t\t\t\t<div class=\"elementor-element elementor-element-bb9d3e3 elementor-align-center elementor-widget elementor-widget-button\" data-id=\"bb9d3e3\" data-element_type=\"widget\" data-e-type=\"widget\" data-widget_type=\"button.default\">\n\t\t\t\t<div class=\"elementor-widget-container\">\n\t\t\t\t\t\t\t\t\t<div class=\"elementor-button-wrapper\">\n\t\t\t\t\t<a class=\"elementor-button elementor-button-link elementor-size-lg\" href=\"https:\/\/awards2020.cedia.edu.ec\/#\">\n\t\t\t\t\t\t<span class=\"elementor-button-content-wrapper\">\n\t\t\t\t\t\t<span class=\"elementor-button-icon\">\n\t\t\t\t<svg aria-hidden=\"true\" class=\"e-font-icon-svg e-fab-facebook-f\" viewBox=\"0 0 320 512\" xmlns=\"http:\/\/www.w3.org\/2000\/svg\"><path d=\"M279.14 288l14.22-92.66h-88.91v-60.13c0-25.35 12.42-50.06 52.24-50.06h40.42V6.26S260.43 0 225.36 0c-73.22 0-121.08 44.38-121.08 124.72v70.62H22.89V288h81.39v224h100.17V288z\"><\/path><\/svg>\t\t\t<\/span>\n\t\t\t\t\t\t\t\t<\/span>\n\t\t\t\t\t<\/a>\n\t\t\t\t<\/div>\n\t\t\t\t\t\t\t\t<\/div>\n\t\t\t\t<\/div>\n\t\t\t\t<div class=\"elementor-element elementor-element-fec8ae5 elementor-align-center elementor-widget elementor-widget-button\" data-id=\"fec8ae5\" data-element_type=\"widget\" data-e-type=\"widget\" data-widget_type=\"button.default\">\n\t\t\t\t<div class=\"elementor-widget-container\">\n\t\t\t\t\t\t\t\t\t<div class=\"elementor-button-wrapper\">\n\t\t\t\t\t<a class=\"elementor-button elementor-button-link elementor-size-lg\" href=\"https:\/\/awards2020.cedia.edu.ec\/#\">\n\t\t\t\t\t\t<span class=\"elementor-button-content-wrapper\">\n\t\t\t\t\t\t<span class=\"elementor-button-icon\">\n\t\t\t\t<svg aria-hidden=\"true\" class=\"e-font-icon-svg e-fab-twitter\" viewBox=\"0 0 512 512\" xmlns=\"http:\/\/www.w3.org\/2000\/svg\"><path d=\"M459.37 151.716c.325 4.548.325 9.097.325 13.645 0 138.72-105.583 298.558-298.558 298.558-59.452 0-114.68-17.219-161.137-47.106 8.447.974 16.568 1.299 25.34 1.299 49.055 0 94.213-16.568 130.274-44.832-46.132-.975-84.792-31.188-98.112-72.772 6.498.974 12.995 1.624 19.818 1.624 9.421 0 18.843-1.3 27.614-3.573-48.081-9.747-84.143-51.98-84.143-102.985v-1.299c13.969 7.797 30.214 12.67 47.431 13.319-28.264-18.843-46.781-51.005-46.781-87.391 0-19.492 5.197-37.36 14.294-52.954 51.655 63.675 129.3 105.258 216.365 109.807-1.624-7.797-2.599-15.918-2.599-24.04 0-57.828 46.782-104.934 104.934-104.934 30.213 0 57.502 12.67 76.67 33.137 23.715-4.548 46.456-13.32 66.599-25.34-7.798 24.366-24.366 44.833-46.132 57.827 21.117-2.273 41.584-8.122 60.426-16.243-14.292 20.791-32.161 39.308-52.628 54.253z\"><\/path><\/svg>\t\t\t<\/span>\n\t\t\t\t\t\t\t\t<\/span>\n\t\t\t\t\t<\/a>\n\t\t\t\t<\/div>\n\t\t\t\t\t\t\t\t<\/div>\n\t\t\t\t<\/div>\n\t\t\t\t<div class=\"elementor-element elementor-element-ec625fb elementor-align-center elementor-widget elementor-widget-button\" data-id=\"ec625fb\" data-element_type=\"widget\" data-e-type=\"widget\" data-widget_type=\"button.default\">\n\t\t\t\t<div class=\"elementor-widget-container\">\n\t\t\t\t\t\t\t\t\t<div class=\"elementor-button-wrapper\">\n\t\t\t\t\t<a class=\"elementor-button elementor-button-link elementor-size-lg\" href=\"https:\/\/awards2020.cedia.edu.ec\/#\">\n\t\t\t\t\t\t<span class=\"elementor-button-content-wrapper\">\n\t\t\t\t\t\t<span class=\"elementor-button-icon\">\n\t\t\t\t<svg aria-hidden=\"true\" class=\"e-font-icon-svg e-fab-instagram\" viewBox=\"0 0 448 512\" xmlns=\"http:\/\/www.w3.org\/2000\/svg\"><path d=\"M224.1 141c-63.6 0-114.9 51.3-114.9 114.9s51.3 114.9 114.9 114.9S339 319.5 339 255.9 287.7 141 224.1 141zm0 189.6c-41.1 0-74.7-33.5-74.7-74.7s33.5-74.7 74.7-74.7 74.7 33.5 74.7 74.7-33.6 74.7-74.7 74.7zm146.4-194.3c0 14.9-12 26.8-26.8 26.8-14.9 0-26.8-12-26.8-26.8s12-26.8 26.8-26.8 26.8 12 26.8 26.8zm76.1 27.2c-1.7-35.9-9.9-67.7-36.2-93.9-26.2-26.2-58-34.4-93.9-36.2-37-2.1-147.9-2.1-184.9 0-35.8 1.7-67.6 9.9-93.9 36.1s-34.4 58-36.2 93.9c-2.1 37-2.1 147.9 0 184.9 1.7 35.9 9.9 67.7 36.2 93.9s58 34.4 93.9 36.2c37 2.1 147.9 2.1 184.9 0 35.9-1.7 67.7-9.9 93.9-36.2 26.2-26.2 34.4-58 36.2-93.9 2.1-37 2.1-147.8 0-184.8zM398.8 388c-7.8 19.6-22.9 34.7-42.6 42.6-29.5 11.7-99.5 9-132.1 9s-102.7 2.6-132.1-9c-19.6-7.8-34.7-22.9-42.6-42.6-11.7-29.5-9-99.5-9-132.1s-2.6-102.7 9-132.1c7.8-19.6 22.9-34.7 42.6-42.6 29.5-11.7 99.5-9 132.1-9s102.7-2.6 132.1 9c19.6 7.8 34.7 22.9 42.6 42.6 11.7 29.5 9 99.5 9 132.1s2.7 102.7-9 132.1z\"><\/path><\/svg>\t\t\t<\/span>\n\t\t\t\t\t\t\t\t<\/span>\n\t\t\t\t\t<\/a>\n\t\t\t\t<\/div>\n\t\t\t\t\t\t\t\t<\/div>\n\t\t\t\t<\/div>\n\t\t\t\t<div class=\"elementor-element elementor-element-5ffacd1 elementor-align-center elementor-widget elementor-widget-button\" data-id=\"5ffacd1\" data-element_type=\"widget\" data-e-type=\"widget\" data-widget_type=\"button.default\">\n\t\t\t\t<div class=\"elementor-widget-container\">\n\t\t\t\t\t\t\t\t\t<div class=\"elementor-button-wrapper\">\n\t\t\t\t\t<a class=\"elementor-button elementor-button-link elementor-size-lg\" href=\"https:\/\/awards2020.cedia.edu.ec\/#\">\n\t\t\t\t\t\t<span class=\"elementor-button-content-wrapper\">\n\t\t\t\t\t\t<span class=\"elementor-button-icon\">\n\t\t\t\t<svg aria-hidden=\"true\" class=\"e-font-icon-svg e-fab-youtube\" viewBox=\"0 0 576 512\" xmlns=\"http:\/\/www.w3.org\/2000\/svg\"><path d=\"M549.655 124.083c-6.281-23.65-24.787-42.276-48.284-48.597C458.781 64 288 64 288 64S117.22 64 74.629 75.486c-23.497 6.322-42.003 24.947-48.284 48.597-11.412 42.867-11.412 132.305-11.412 132.305s0 89.438 11.412 132.305c6.281 23.65 24.787 41.5 48.284 47.821C117.22 448 288 448 288 448s170.78 0 213.371-11.486c23.497-6.321 42.003-24.171 48.284-47.821 11.412-42.867 11.412-132.305 11.412-132.305s0-89.438-11.412-132.305zm-317.51 213.508V175.185l142.739 81.205-142.739 81.201z\"><\/path><\/svg>\t\t\t<\/span>\n\t\t\t\t\t\t\t\t<\/span>\n\t\t\t\t\t<\/a>\n\t\t\t\t<\/div>\n\t\t\t\t\t\t\t\t<\/div>\n\t\t\t\t<\/div>\n\t\t\t\t<div class=\"elementor-element elementor-element-1776546 elementor-align-center elementor-widget elementor-widget-button\" data-id=\"1776546\" data-element_type=\"widget\" data-e-type=\"widget\" data-widget_type=\"button.default\">\n\t\t\t\t<div class=\"elementor-widget-container\">\n\t\t\t\t\t\t\t\t\t<div class=\"elementor-button-wrapper\">\n\t\t\t\t\t<a class=\"elementor-button elementor-button-link elementor-size-lg\" href=\"https:\/\/awards2020.cedia.edu.ec\/#\">\n\t\t\t\t\t\t<span class=\"elementor-button-content-wrapper\">\n\t\t\t\t\t\t<span class=\"elementor-button-icon\">\n\t\t\t\t<svg aria-hidden=\"true\" class=\"e-font-icon-svg e-fab-linkedin-in\" viewBox=\"0 0 448 512\" xmlns=\"http:\/\/www.w3.org\/2000\/svg\"><path d=\"M100.28 448H7.4V148.9h92.88zM53.79 108.1C24.09 108.1 0 83.5 0 53.8a53.79 53.79 0 0 1 107.58 0c0 29.7-24.1 54.3-53.79 54.3zM447.9 448h-92.68V302.4c0-34.7-.7-79.2-48.29-79.2-48.29 0-55.69 37.7-55.69 76.7V448h-92.78V148.9h89.08v40.8h1.3c12.4-23.5 42.69-48.3 87.88-48.3 94 0 111.28 61.9 111.28 142.3V448z\"><\/path><\/svg>\t\t\t<\/span>\n\t\t\t\t\t\t\t\t<\/span>\n\t\t\t\t\t<\/a>\n\t\t\t\t<\/div>\n\t\t\t\t\t\t\t\t<\/div>\n\t\t\t\t<\/div>\n\t\t\t\t\t<\/div>\n\t\t\t\t<\/div>\n\t\t\t\t\t<\/div>\n\t\t\t\t<\/div>\n\t\t<div class=\"elementor-element elementor-element-358adef e-flex e-con-boxed e-con e-parent\" data-id=\"358adef\" data-element_type=\"container\" data-e-type=\"container\" data-settings=\"{&quot;background_background&quot;:&quot;classic&quot;,&quot;_ha_eqh_enable&quot;:false}\">\n\t\t\t\t\t<div class=\"e-con-inner\">\n\t\t<div class=\"elementor-element elementor-element-67e3d77 e-flex e-con-boxed e-con e-child\" data-id=\"67e3d77\" data-element_type=\"container\" data-e-type=\"container\" data-settings=\"{&quot;_ha_eqh_enable&quot;:false}\">\n\t\t\t\t\t<div class=\"e-con-inner\">\n\t\t<div class=\"elementor-element elementor-element-4c2a202 e-con-full e-flex e-con e-child\" data-id=\"4c2a202\" data-element_type=\"container\" data-e-type=\"container\" data-settings=\"{&quot;_ha_eqh_enable&quot;:false}\">\n\t\t\t\t<div class=\"elementor-element elementor-element-b3da278 elementor-widget elementor-widget-text-editor\" data-id=\"b3da278\" data-element_type=\"widget\" data-e-type=\"widget\" data-widget_type=\"text-editor.default\">\n\t\t\t\t<div class=\"elementor-widget-container\">\n\t\t\t\t\t\t\t\t\t<span class=\"sp-module-title\" style=\"font-family: Montserrat, sans-serif; color: #ffffff; font-size: 24px;\">Ediciones<\/span>\t\t\t\t\t\t\t\t<\/div>\n\t\t\t\t<\/div>\n\t\t\t\t<div class=\"elementor-element elementor-element-a86486a elementor-widget-divider--view-line elementor-widget elementor-widget-divider\" data-id=\"a86486a\" data-element_type=\"widget\" data-e-type=\"widget\" data-widget_type=\"divider.default\">\n\t\t\t\t<div class=\"elementor-widget-container\">\n\t\t\t\t\t\t\t<div class=\"elementor-divider\">\n\t\t\t<span class=\"elementor-divider-separator\">\n\t\t\t\t\t\t<\/span>\n\t\t<\/div>\n\t\t\t\t\t\t<\/div>\n\t\t\t\t<\/div>\n\t\t\t\t<div class=\"elementor-element elementor-element-0224b43 elementor-icon-list--layout-traditional elementor-list-item-link-full_width elementor-widget elementor-widget-icon-list\" data-id=\"0224b43\" data-element_type=\"widget\" data-e-type=\"widget\" data-widget_type=\"icon-list.default\">\n\t\t\t\t<div class=\"elementor-widget-container\">\n\t\t\t\t\t\t\t<ul class=\"elementor-icon-list-items\">\n\t\t\t\t\t\t\t<li class=\"elementor-icon-list-item\">\n\t\t\t\t\t\t\t\t\t\t\t<a href=\"https:\/\/awards2019.cedia.edu.ec\/\" target=\"_blank\">\n\n\t\t\t\t\t\t\t\t\t\t\t<span class=\"elementor-icon-list-text\">CEDIA AWARDS 2020<\/span>\n\t\t\t\t\t\t\t\t\t\t\t<\/a>\n\t\t\t\t\t\t\t\t\t<\/li>\n\t\t\t\t\t\t\t\t<li class=\"elementor-icon-list-item\">\n\t\t\t\t\t\t\t\t\t\t\t<a href=\"https:\/\/cedia.edu.ec\/es\/premios-cedia-2020\" target=\"_blank\">\n\n\t\t\t\t\t\t\t\t\t\t\t<span class=\"elementor-icon-list-text\">Ediciones anteriores<\/span>\n\t\t\t\t\t\t\t\t\t\t\t<\/a>\n\t\t\t\t\t\t\t\t\t<\/li>\n\t\t\t\t\t\t<\/ul>\n\t\t\t\t\t\t<\/div>\n\t\t\t\t<\/div>\n\t\t\t\t<\/div>\n\t\t<div class=\"elementor-element elementor-element-712d9f9 e-con-full e-flex e-con e-child\" data-id=\"712d9f9\" data-element_type=\"container\" data-e-type=\"container\" data-settings=\"{&quot;_ha_eqh_enable&quot;:false}\">\n\t\t\t\t<div class=\"elementor-element elementor-element-09968b8 elementor-widget elementor-widget-text-editor\" data-id=\"09968b8\" data-element_type=\"widget\" data-e-type=\"widget\" data-widget_type=\"text-editor.default\">\n\t\t\t\t<div class=\"elementor-widget-container\">\n\t\t\t\t\t\t\t\t\t<p><span class=\"sp-module-title\" style=\"font-family: Montserrat, sans-serif; color: #ffffff; font-size: 24px;\">Sobre el evento<\/span><\/p>\t\t\t\t\t\t\t\t<\/div>\n\t\t\t\t<\/div>\n\t\t\t\t<div class=\"elementor-element elementor-element-f134ad1 elementor-widget-divider--view-line elementor-widget elementor-widget-divider\" data-id=\"f134ad1\" data-element_type=\"widget\" data-e-type=\"widget\" data-widget_type=\"divider.default\">\n\t\t\t\t<div class=\"elementor-widget-container\">\n\t\t\t\t\t\t\t<div class=\"elementor-divider\">\n\t\t\t<span class=\"elementor-divider-separator\">\n\t\t\t\t\t\t<\/span>\n\t\t<\/div>\n\t\t\t\t\t\t<\/div>\n\t\t\t\t<\/div>\n\t\t\t\t<div class=\"elementor-element elementor-element-464c7d7 elementor-widget elementor-widget-text-editor\" data-id=\"464c7d7\" data-element_type=\"widget\" data-e-type=\"widget\" data-widget_type=\"text-editor.default\">\n\t\t\t\t<div class=\"elementor-widget-container\">\n\t\t\t\t\t\t\t\t\t<p><span style=\"color: #8e9aa7; font-family: Montserrat, sans-serif;\">La noche m\u00e1s importante para la ciencia, tecnolog\u00eda e innovaci\u00f3n en el Ecuador. Evento de gala, exclusivo para miembros de CEDIA, que a\u00f1o tras a\u00f1o se celebra en el marco del Congreso Internacional de Tecnolog\u00edas de la Informaci\u00f3n y Comunicaci\u00f3n TICEC.<\/span><\/p>\t\t\t\t\t\t\t\t<\/div>\n\t\t\t\t<\/div>\n\t\t\t\t<\/div>\n\t\t<div class=\"elementor-element elementor-element-0345bf9 e-con-full e-flex e-con e-child\" data-id=\"0345bf9\" data-element_type=\"container\" data-e-type=\"container\" data-settings=\"{&quot;_ha_eqh_enable&quot;:false}\">\n\t\t\t\t<div class=\"elementor-element elementor-element-dd5ae6a elementor-widget elementor-widget-text-editor\" data-id=\"dd5ae6a\" data-element_type=\"widget\" data-e-type=\"widget\" data-widget_type=\"text-editor.default\">\n\t\t\t\t<div class=\"elementor-widget-container\">\n\t\t\t\t\t\t\t\t\t<p><span class=\"sp-module-title\" style=\"font-family: Montserrat, sans-serif; color: #ffffff; font-size: 24px;\">Contacto<\/span><\/p>\t\t\t\t\t\t\t\t<\/div>\n\t\t\t\t<\/div>\n\t\t\t\t<div class=\"elementor-element elementor-element-d640d01 elementor-widget-divider--view-line elementor-widget elementor-widget-divider\" data-id=\"d640d01\" data-element_type=\"widget\" data-e-type=\"widget\" data-widget_type=\"divider.default\">\n\t\t\t\t<div class=\"elementor-widget-container\">\n\t\t\t\t\t\t\t<div class=\"elementor-divider\">\n\t\t\t<span class=\"elementor-divider-separator\">\n\t\t\t\t\t\t<\/span>\n\t\t<\/div>\n\t\t\t\t\t\t<\/div>\n\t\t\t\t<\/div>\n\t\t\t\t<div class=\"elementor-element elementor-element-734a44f elementor-widget elementor-widget-text-editor\" data-id=\"734a44f\" data-element_type=\"widget\" data-e-type=\"widget\" data-widget_type=\"text-editor.default\">\n\t\t\t\t<div class=\"elementor-widget-container\">\n\t\t\t\t\t\t\t\t\t<p><span style=\"color: #8e9aa7; font-family: Montserrat, sans-serif;\">Para m\u00e1s informaci\u00f3n del evento, proceso de registro o pago, por favor contactarse a: info@cedia.org.ec +59374079300 Cuenca &#8211; Ecuador<\/span><\/p>\t\t\t\t\t\t\t\t<\/div>\n\t\t\t\t<\/div>\n\t\t\t\t<\/div>\n\t\t\t\t\t<\/div>\n\t\t\t\t<\/div>\n\t\t\t\t<div class=\"elementor-element elementor-element-26a7313 elementor-widget-divider--view-line elementor-widget elementor-widget-divider\" data-id=\"26a7313\" data-element_type=\"widget\" data-e-type=\"widget\" data-widget_type=\"divider.default\">\n\t\t\t\t<div class=\"elementor-widget-container\">\n\t\t\t\t\t\t\t<div class=\"elementor-divider\">\n\t\t\t<span class=\"elementor-divider-separator\">\n\t\t\t\t\t\t<\/span>\n\t\t<\/div>\n\t\t\t\t\t\t<\/div>\n\t\t\t\t<\/div>\n\t\t\t\t<div class=\"elementor-element elementor-element-7861435 elementor-widget elementor-widget-text-editor\" data-id=\"7861435\" data-element_type=\"widget\" data-e-type=\"widget\" data-widget_type=\"text-editor.default\">\n\t\t\t\t<div class=\"elementor-widget-container\">\n\t\t\t\t\t\t\t\t\t<p><span style=\"color: #8e9aa7; font-family: Montserrat, sans-serif; font-size: 14px;\">\u00a9 2020 CEDIA AWARDS. Powered by CEDIA.<\/span><\/p>\t\t\t\t\t\t\t\t<\/div>\n\t\t\t\t<\/div>\n\t\t\t\t\t<\/div>\n\t\t\t\t<\/div>\n\t\t\t\t<\/div>\n\t\t","protected":false},"excerpt":{"rendered":"<p>PRESENTACI\u00d3NLa Corporaci\u00f3n Ecuatoriana para el Desarrollo de la Investigaci\u00f3n y la Academia \u2013\u00a0CEDIA, como cada a\u00f1o, celebra el compromiso de las Instituciones de Educaci\u00f3n Superior con la Ciencia, Tecnolog\u00eda, Desarrollo e Innovaci\u00f3n a nivel nacional tiene el honor de invitarlo a formar parte de la Gala de los\u00a0CEDIA AWARDS.Los\u00a0CEDIA AWARDS\u00a0se han convertido en el Galard\u00f3n [&hellip;]<\/p>\n","protected":false},"author":4,"featured_media":0,"parent":0,"menu_order":0,"comment_status":"closed","ping_status":"closed","template":"","meta":{"footnotes":""},"class_list":["post-12","page","type-page","status-publish","hentry"],"_links":{"self":[{"href":"https:\/\/awards2020.cedia.edu.ec\/index.php\/wp-json\/wp\/v2\/pages\/12","targetHints":{"allow":["GET"]}}],"collection":[{"href":"https:\/\/awards2020.cedia.edu.ec\/index.php\/wp-json\/wp\/v2\/pages"}],"about":[{"href":"https:\/\/awards2020.cedia.edu.ec\/index.php\/wp-json\/wp\/v2\/types\/page"}],"author":[{"embeddable":true,"href":"https:\/\/awards2020.cedia.edu.ec\/index.php\/wp-json\/wp\/v2\/users\/4"}],"replies":[{"embeddable":true,"href":"https:\/\/awards2020.cedia.edu.ec\/index.php\/wp-json\/wp\/v2\/comments?post=12"}],"version-history":[{"count":74,"href":"https:\/\/awards2020.cedia.edu.ec\/index.php\/wp-json\/wp\/v2\/pages\/12\/revisions"}],"predecessor-version":[{"id":335,"href":"https:\/\/awards2020.cedia.edu.ec\/index.php\/wp-json\/wp\/v2\/pages\/12\/revisions\/335"}],"wp:attachment":[{"href":"https:\/\/awards2020.cedia.edu.ec\/index.php\/wp-json\/wp\/v2\/media?parent=12"}],"curies":[{"name":"wp","href":"https:\/\/api.w.org\/{rel}","templated":true}]}}